**3 - 86*n**2 + 58*n - 77. Let g(b) = -2*f(b) - 11*o(b). Calculate g(-16).
-22
Let t(x) = -x + 3. Suppose 2*f + 5 = 5*w + 6*f, 0 = -3*w - 2*f + 3. Let z(n) = n + 1. Let g(m) = w*z(m) - t(m). Let l be (-5)/(-35) + (-87)/21. Give g(l).
-10
Let f(z) = 126*z**3 + z**2 + 4*z. Let s be f(-2). Let d be (21*1)/(s/256 + 4). Let v(u) = -5*u + 0*u**2 - d + u**2 + 446. Determine v(3).
-8
Let p(x) = -2*x**3 - 23*x**2 - 6*x - 7. Let b be p(-11). Let i = 64 + b. Let m be 5/i*(-48)/(-30). Let q(g) = g**3 - 4*g**2 - 5*g. Calculate q(m).
-20
Let w(b) = 3*b - 8. Let f be 6 + -3 - 4 - -5. Let m be f - ((-714)/646 - 2/(-19)). Calculate w(m).
7
Let l(v) be the first derivative of v**2 + 11*v + 3. Let s = -20443 - -20438. Calculate l(s).
1
Let a(s) = 3*s**2 + 4*s + 8. Let t(n) = 92 - 11*n**2 - 106 - 7*n + 6*n**2. Let o(b) = -7*a(b) - 4*t(b). Calculate o(-1).
-1
Suppose 19*i = 23*i - 1404. Let k = i - 357. Let d(t) = -t**3 - 6*t**2 - t + 8. What is d(k)?
14
Suppose -2*n - 250*x = -248*x + 12, -1 = x. Let o(s) = s**2 + 12*s + 14. What is o(n)?
-21
Let p(v) = 4*v + 1. Let z be 126/(-28)*(-2)/3. Suppose -j + z*j = -4*g + 18, 5 = -3*j + 2*g. Give p(j).
5
Let k(w) = -w - 32. Let a(l) = -l - 96. Let c(v) = 2*a(v) - 5*k(v). Calculate c(8).
-8
Let y be (16/(-4))/(2/2). Let c(x) be the first derivative of -57 + 2*x + 1/3*x**3 + 5/2*x**2. Give c(y).
-2
Let s be (-525)/((-588)/(-28)) - -56. Let z(b) = -5*b**2 + 151*b + 117. Determine z(s).
-7
Suppose 72*y = 16*y - 0*y - 392. Let c(t) = t**3 + 6*t**2 - 8*t - 24. What is c(y)?
-17
Let a(y) be the first derivative of -15*y**2/2 - 113*y - 7100. Calculate a(-12).
67
Let o(f) = 19*f + 16. Let k(y) = -699*y - 695*y + 1402*y + 8. Let x(s) = 5*k(s) - 2*o(s). Calculate x(-7).
-6
Let c(n) be the third derivative of -n**4/3 - 15*n**3 - 7090*n**2. Give c(-12).
6
Let h(o) = -o**3 + 7*o**2 - 7*o + 3. Suppose 0 = -51*z - 80*z + 786. Determine h(z).
-3
Let h(p) be the third derivative of -p**8/4032 - p**7/5040 - p**5/10 - 7*p**4/24 + 7*p**2 - 4. Let r(x) be the third derivative of h(x). What is r(2)?
-22
Let u = 187 - 179. Let x(g) = u*g + g**3 - 31 + 27 - g + 11*g**2 - g**2. Determine x(-9).
14
Let b(g) = -2*g**3 + 11*g**2 - 2*g - 5. Let k be 8/6*2/(48/90). Calculate b(k).
10
Let b(d) = d**3 - 4*d**2 + 4*d + 5. Suppose 2*v = -5*f + 8, -7 = 4*v - 3. Suppose -f*n + 7 = -4*n + 3*g, 5*n - 2*g - 10 = 0. Calculate b(n).
21
Suppose 8 - 29 = -7*s. Let k = s - -1. Let q(c) be the third derivative of c**5/30 - 7*c**4/24 + 5*c**3/6 + 94*c**2. What is q(k)?
9
Let r(b) = -b**2 - 7*b + 10. Let d(a) = 4*a**2 + 4*a - 3. Let h be d(4). Let q = h + -42. Suppose -q = 4*l + l. Give r(l).
10
Let l(q) be the third derivative of q**6/120 + q**5/30 + q**3/6 + 4196*q**2. Let w be (2/(-5))/((-2)/(-10)). What is l(w)?
1
Let g(w) = w**3 - 5*w**2 + 6*w - 3. Let d(o) = -o**3 + 12*o**2 - 11*o + 22. Let j be d(15). Let x = j + 821. Determine g(x).
-3
Let k(m) = 41*m + 12. Let i(f) = 29*f + 12. Let b(l) = -3*i(l) + 2*k(l). Calculate b(-2).
-2
Let c(v) = v**2 - 303 - 718 + 804. Calculate c(-15).
8
Let u(d) be the third derivative of d**6/360 + d**4/24 + 42*d**3 + 30*d**2. Let z(p) be the first derivative of u(p). Let i = 1 + -3. Determine z(i).
5
Let x(k) = -k**2 + 4*k + 2. Suppose -98 + 4 = 2*y. Let s = -41 - y. Determine x(s).
-10
Let i(f) = f + 3. Let p(q) = q**2 + 13*q + 34. Let h = 237 + -243. Let r be p(h). Calculate i(r).
-5
Let g(r) = -3 + 3*r - 15 - 9. Let v be g(11). Let n be v + -5 - 3/(3/8). Let x(k) = -k**2 - 8*k + 3. Determine x(n).
10
Let i(p) = -p**2 - 3*p + 26. Let j be i(4). Let g be (-208)/(-72) + j*1/(-18). Let f(n) = 3*n + 1. Give f(g).
10
Let r(v) = 2*v - 7. Let o be r(-6). Let g = o - -11. Let z(a) = -a**2 + a + 42. Let x(w) = 2*w**2 + 6*w - 37. Let y(h) = x(h) + z(h). Give y(g).
13
Let x be (-6)/18*(-2 + 14)/(-2). Suppose d = j - 5, -2*j + 2*d + x = -2*d. Let q(r) = r**2 - 2*r**2 + j*r + 4 + 0 - 4*r. Calculate q(6).
-2
Let r = 28 - 28. Suppose 6*l + 0 - 24 = r. Let c(b) = 0*b - 4*b + 2*b - l*b**2 - b**3 + 0 + 3. Give c(-3).
0
Suppose 3*v = 11*v - 40. Let l(x) = -6*x**3 + 3*x**2 + 3*x + 12. Let p(j) = 5*j**3 - 2*j**2 - 2*j - 10. Let m(k) = -6*l(k) - 7*p(k). Calculate m(v).
3
Let o be (-6)/(-4) + (-145)/(-58) + 1. Let a(q) = 16*q + 14*q - 20 - 2 + o*q - 33*q. What is a(12)?
2
Let x(h) = 1363*h + 0*h**2 - 1376*h - h**2 + 4. Give x(-11).
26
Let f(u) = -7 - u**3 - 66*u + 3*u**2 + 71*u + 4. Suppose -60 = -22*k + 28. What is f(k)?
1
Let x(w) = -14*w**2 + 54*w - 54. Let l(k) = 25*k**2 - 107*k + 107. Let n(t) = -4*l(t) - 7*x(t). Let i be n(24). Let j(h) = -2*h**2 + 2*h + 3. Give j(i).
-9
Let i(t) = 24*t - 241. Let n be i(10). Let w(z) = 13*z**3 + z**2. What is w(n)?
-12
Let k(y) = 20*y**2 + 59*y + 32. Let q(n) = 9*n**2 + 29*n + 11. Let o(m) = -2*k(m) + 5*q(m). Give o(-6).
9
Suppose 5*a = -4*c + 3*a + 8, 0 = 2*c + 4*a - 4. Let r(h) = -16*h**3 - 5*h**2 + 2*h + c*h + 17*h**3. Suppose 5*p + 17 = -q, -p = 2*q - 1 - 1. Calculate r(q).
-6
Let y(r) be the second derivative of 2*r**3/3 - 7*r**2 - 213*r + 3. Give y(7).
14
Let a(y) = -y**3 - 12*y**2 - 13*y - 16. Let p be 3/(27/(-191)) + (-6)/(-27). Let b be 154/p*3/2. What is a(b)?
6
Let n(s) = s**3 + 5*s**2 - 4*s - 7. Suppose 58*h - 69 = 35*h. Suppose -18*r + h*r = 75. What is n(r)?
13
Let l = -677 + 681. Let v(k) = -l*k + 1019*k**2 - 2 - 2040*k**2 + 1020*k**2. Give v(-4).
-2
Let b(d) = -d + 1. Let l(y) = 7*y + 1. Let f(q) = 4*b(q) - l(q). Let i(o) = o**3 + 7*o**2 + 8*o - 7. Let s be i(-5). Calculate f(s).
-30
Let v(j) = j**2 - j - 1. Let d(n) = -n**3 + 43 - 52 + 5*n + n**2 + 5*n**2. Suppose -b - 6 = 5*m, 3 = -2*m - 2*b - 1. Let q(z) = m*d(z) + 2*v(z). Give q(5).
-3
Let c(h) = -3*h + 21. Let j be ((-49)/(-21))/(1/3). Let g be c(j). Let l(w) = -36 + w**3 + g*w + 0*w + 37. What is l(2)?
9
Suppose 0 = 23*t - 6*t - 612. Suppose 10*r - 4*r = t. Let q(o) = 0 + 1 - 4 - 7*o + o**2. Give q(r).
-9
Let v(d) be the second derivative of -4*d**3/3 + 163*d**2/2 - 5258*d. Determine v(23).
-21
Let a(m) = -5 - 4*m - 15*m - m + 16*m. Let v = 2 - 2. Suppose -2 + 4 = -h + 2*w, v = -3*h + 2*w - 10. Determine a(h).
11
Suppose 6*a + 44*a = -100 + 350. Let s(i) = 9*i + 6. Let r(c) = c + 1. Let t(q) = 6*r(q) - s(q). Give t(a).
-15
Let f(k) = 4*k**3 - k**2 + 3*k - 1. Suppose 18*r + 2 = 20. Suppose -2*g + r = 3*z - 6*z, -8 = -5*g + 2*z. Calculate f(g).
33
Let x(z) = -5*z + 9. Let l(d) = -15*d - 18*d + 155 + 11*d - 119. Let q(p) = -2*l(p) + 9*x(p). Give q(5).
4
Let z(h) = -22*h + 221. Suppose -3*v - 10*s + 83 = 0, 100*s + 17 = 2*v + 99*s. Calculate z(v).
-21
Let g(d) = d + 4 + 5758*d**2 - 1 - 5756*d**2 - 1. Give g(3).
23
Suppose 3*i + 0*r - 2*r + 4 = 0, -5*r = -10. Suppose l - 5*d = 17, 2*d - 6 = -i*d. Let y(q) = 3 + l*q**2 - 3 - 26*q**2. Calculate y(1).
6
Suppose 13*v + 10 = 15*v. Let n(m) = 4*m + 19. Let t be n(9). Let y(z) = -3*z - t + 25 + 34. Give y(v).
-11
Let l(c) be the first derivative of -c**6/360 - c**5/15 - c**4/2 + 4*c**3/3 - 2*c**2 + 6. Let k(j) be the third derivative of l(j). What is k(-8)?
-12
Let y(n) = 21*n**2 - n + 0 - 1 - 1. Let p be y(-1). Let h be (2/(-5))/((-4)/p). Let l(i) = 2*i**2 + i - 1. Calculate l(h).
9
Let p(d) = d + 2. Let z = -4 - -3. Let h be -6*(3/6 + (-20)/8). Let u be (-6)/h*z/(3/(-6)). Give p(u).
1
Let t = -146 + -38. Let w be (-12)/(-30) - t/(-10). Let i = w - -28. Let b(k) = k**2 - 9*k - 10. What is b(i)?
0
Let o(v) be the first derivative of -v**4/4 - 3*v**3 - 7*v**2/2 + 16*v - 362. What is o(-8)?
8
Let l(v) = -v**3 - 2*v + 3. Let n = 162 - 7. Suppose -n*m = -149*m - 12. Give l(m).
-9
Let l(t) = -2*t**3 + 41*t**2 - 11*t - 10. Let d(y) = y**3 - 11*y**2 - 3*y - 1. Let f(j) = -3*d(j) - l(j). Give f(-10).
13
Let g(i) be the first derivative of 4*i**3/3 + 1. Let m = 401390 + -401392. Determine g(m).
16
Suppose 2*i = -4*v + 24, -7*v + 62*i + 40 = 65*i. Let b(w) be the first derivative of 8*w - 24 + 1/4*w**v + 3*w**2 - 8/3*w**3. Determine b(7).
1
Let t(r) = -9*r - 40 + r**3 + 30 + 2*r - 11*r**2 + 3*r**2. Suppose -2*n + 15 = n. Let l = 4 + n. What is t(l)?
8
Suppose -20*d + 18*d = 0. Let n(r) = -r + 1. Let h(o) = 2*o. Let z = -13 - -14. Let b(p) = z*n(p) + h(p). Determine b(d).
1
Suppose -1195*b - 1260 = -1258*b. Let a(i) = -i**2 + 21*i - 30. Give a(b).
-10
Let q(l) be the first derivative of -3 - 3*l**2 - 1/3*l*